 is divided by 128307.
64
Calculate the remainder when 22618191 is divided by 457.
347
What is the remainder when 3022010 is divided by 1194?
1190
Calculate the remainder when 47721 is divided by 46477.
1244
What is the remainder when 302977583 is divided by 2569?
2568
Calculate the remainder when 721777 is divided by 6169.
4
What is the remainder when 211733 is divided by 166?
83
Calculate the remainder when 19605416 is divided by 7.
5
What is the remainder when 54612 is divided by 930?
672
What is the remainder when 799005 is divided by 49910?
445
Calculate the remainder when 6089738 is divided by 85.
83
What is the remainder when 402389 is divided by 7640?
5109
Calculate the remainder when 324943 is divided by 501.
295
Calculate the remainder when 39431998 is divided by 1000.
998
Calculate the remainder when 5089782 is divided by 22.
16
What is the remainder when 2619720 is divided by 26197?
20
What is the remainder when 4034361 is divided by 64?
57
Calculate the remainder when 2661918 is divided by 47531.
182
What is the remainder when 66044 is divided by 3000?
44
Calculate the remainder when 364241 is divided by 1214.
41
What is the remainder when 3695712 is divided by 379?
83
What is the remainder when 37121926 is divided by 18560959?
8
Calculate the remainder when 351334 is divided by 297.
280
What is the remainder when 3769614 is divided by 7693?
44
Calculate the remainder when 1370914 is divided by 14741.
1
What is the remainder when 20069104 is divided by 1351?
1350
Calculate the remainder when 7855 is divided by 472.
303
Calculate the remainder when 31450 is divided by 5760.
2650
What is the remainder when 144485 is divided by 21935?
12875
Calculate the remainder when 29753038 is divided by 14876505.
28
Calculate the remainder when 7926977 is divided by 3764.
3757
What is the remainder when 9217 is divided by 709?
0
Calculate the remainder when 931763 is divided by 255.
248
Calculate the remainder when 51361278 is divided by 82.
4
Calculate the remainder when 67779 is divided by 5631.
207
What is the remainder when 18823 is divided by 4759?
4546
What is the remainder when 608462 is divided by 121658?
172
Calculate the remainder when 5610143 is divided by 1870046.
5
Calculate the remainder when 477933 is divided by 211.
18
What is the remainder when 2492491 is divided by 1497?
1483
Calculate the remainder when 7443236 is divided by 107.
102
Calculate the remainder when 53013281 is divided by 53013272.
9
What is the remainder when 4872546 is divided by 795?
786
What is the remainder when 226208198 is divided by 64?
6
Calculate the remainder when 708114 is divided by 118010.
54
What is the remainder when 160245 is divided by 58?
49
Calculate the remainder when 7501826 is divided by 312576.
2
What is the remainder when 122384195 is divided by 61192096?
3
What is the remainder when 12233865 is divided by 83?
80
What is the remainder when 8009 is divided by 3078?
1853
Calculate the remainder when 236336 is divided by 723.
638
What is the remainder when 260042 is divided by 7636?
418
What is the remainder when 2935122 is divided by 36236?
6
Calculate the remainder when 1162526 is divided by 45.
41
Calculate the remainder when 23737486 is divided by 3107.
6
Calculate the remainder when 77247777 is divided by 948.
945
Calculate the remainder when 11066152 is divided by 17.
2
Calculate the remainder when 234902 is divided by 1040.
902
What is the remainder when 72279 is divided by 35948?
383
Calculate the remainder when 4960437 is divided by 76314.
27
What is the remainder when 35035 is divided by 4953?
364
What is the remainder when 65525 is divided by 108?
77
What is the remainder when 1313270 is divided by 123?
122
Calculate the remainder when 229949 is divided by 487.
85
Calculate the remainder when 815565 is divided by 114.
9
What is the remainder when 37819047 is divided by 599?
583
What is the remainder when 155663 is divided by 6003?
5588
Calculate the remainder when 6032821 is divided by 1508197.
33
What is the remainder when 351612 is divided by 7877?
5024
What is the remainder when 21301 is divided by 21120?
181
Calculate the remainder when 395561 is divided by 76.
57
What is the remainder when 326771 is divided by 1720?
1691
Calculate the remainder when 115054 is divided by 468.
394
Calculate the remainder when 844568 is divided by 15081.
32
What is the remainder when 1029855 is divided by 884?
879
Calculate the remainder when 3316752 is divided by 1509.
1479
Calculate the remainder when 67117 is divided by 573.
76
What is the remainder when 22088219 is divided by 55?
54
Calculate the remainder when 2884468 is divided by 47286.
22
What is the remainder when 2583561 is divided by 3287?
3266
Calculate the remainder when 114445 is divided by 56075.
2295
Calculate the remainder when 4551020 is divided by 10227.
5
What is the remainder when 60644 is divided by 6730?
74
Calculate the remainder when 1639232 is divided by 425.
7
Calculate the remainder when 342491 is divided by 65.
6
Calculate the remainder when 636364 is divided by 2035.
1444
What is the remainder when 2623435 is divided by 655853?
23
Calculate the remainder when 2805620 is divided by 4584.
212
What is the remainder when 100472 is divided by 7150?
372
What is the remainder when 17650060 is divided by 92895?
10
Calculate the remainder when 81738 is divided by 13571.
312
Calculate the remainder when 182369649 is divided by 25.
24
What is the remainder when 633598 is divided by 3772?
3674
Calculate the remainder when 87582 is divided by 14583.
84
What is the remainder when 74880 is divided by 12479?
6
What is the remainder when 4146332 is divided by 998?
640
Calculate the remainder when 58307 is divided by 5285.
172
What is the remainder when 62592725 is divided by 15648181?
1
Calculate the remainder when 1471959 is divided by 17727.
618
What is the remainder when 445087 is divided by 7676?
7555
Calculate the remainder when 774585 is divided by 3095.
835
Calculate the remainder when 6639629 is divided by 73.
60
What is the remainder when 169188 is divided by 798?
12
Calculate the remainder when 425229 is divided by 4378.
563
What is the remainder when 1176973 is divided by 8654?
29
Calculate the remainder when 189993 is divided by 2479.
1589
Calculate the remainder when 2252680182 is divided by 6409.
6408
What is the remainder when 173878 is divided by 3097?
446
What is the remainder when 112540893 is divided by 716?
13
Calculate the remainder when 1355903 is divided by 149.
3
Calculate the remainder when 2787963 is divided by 7.
3
Calculate the remainder when 5020228 is divided by 1255036.
84
Calculate the remainder when 82356 is divided by 669.
69
What is the remainder when 20673067 is divided by 5294?
5291
What is the remainder when 369326117 is divided by 17?
12
What is the remainder when 5582433 is divided by 88610?
3
What is the remainder when 343043 is divided by 1103?
10
What is the remainder when 750762 is divided by 701?
692
What is the remainder when 45431605 is divided by 1657?
1636
What is the remainder when 12329472 is divided by 9739?
9637
Calculate the remainder when 31415 is divided by 6148.
675
What is the remainder when 8491779 is divided by 484?
483
Calculate the remainder when 114070640 is divided by 2794.
2
Calculate the remainder when 1752316 is divided by 800.
316
Calculate the remainder when 1750429 is divided by 583470.
19
Calculate the remainder when 18031742 is divided by 77723.
6
Calculate the remainder when 118734 is divided by 843.
714
Calculate the remainder when 1900156 is divided by 1240.
476
Calculate the remainder when 1127651 is divided by 276.
191
What is the remainder when 22996 is divided by 19701?
3295
Calculate the remainder when 50706 is divided by 3457.
2308
Calculate the remainder when 220592 is divided by 73428.
308
What is the remainder when 8917 is divided by 127?
27
Calculate the remainder when 922537 is divided by 152.
49
What is the remainder when 7266215 is divided by 1147?
1117
What is the remainder when 12288941 is divided by 1602?
1601
Calculate the remainder when 15695976 is divided by 611.
608
What is the remainder when 2062706 is divided by 29?
23
What is the remainder when 98795363 is divided by 646?
645
What i